+ 183. Let j(r) be the second derivative of m(r). Give j(-5).
1
Let j(i) = -i**2 + 12*i - 27. Let c be -5 + (47/5 - (-21)/35). Give j(c).
8
Let i(t) = -44*t**2 + 27*t + 39. Let x(c) = -25*c**2 + 13*c + 20. Suppose -d = -3*m - m - 13, -5*d = -m + 11. Let g(o) = m*i(o) + 7*x(o). Give g(18).
2
Let p(b) = -3*b - 17*b**2 - 13 + 2*b + 4*b + 18*b**2. Let a be (288/21)/(-16)*7. Determine p(a).
5
Let a(i) be the first derivative of -8*i - i**2 - 41 - 1/4*i**4 - 7/3*i**3. Determine a(-6).
-32
Let f(x) be the first derivative of -x**3/3 - 8*x**2 - 23*x - 1672. Calculate f(-13).
16
Let l(q) = -q**2 + 8*q + 4. Let s be ((-46)/5)/(-4 - 303/(-75)). Let h = -222 - s. Give l(h).
4
Let w(n) = 3*n**3 - 2*n**2 - n - 10. Let m be w(4). Let c = 150 - m. Let s be (6/(c + -2))/((-27)/36). Let p(h) = -5*h - 5. What is p(s)?
15
Let n(o) = -o**3 + 30*o**2 - 33*o + 3. Let g(f) = -4*f**2 + f - 8. Let t(s) = -3*g(s) - n(s). Calculate t(16).
-11
Let d = -4/469 + 493/2814. Let j(g) be the third derivative of -2/3*g**3 - d*g**4 - 10*g**2 - 1/60*g**5 + 0 + 0*g. Determine j(-4).
-4
Let g(z) be the second derivative of 3/2*z**2 - 1/12*z**4 + 2 + z**3 - 88*z. Let w(a) = -2*a**3 - 2*a**2 + a. Let j be w(-2). Calculate g(j).
3
Let w(n) = n**2 + 7*n - 4. Suppose 68 = -4*r + 20. Let g(a) = -4*a - a**3 + 4*a - 58 + 39 + 11*a - 11*a**2. Let q be g(r). Determine w(q).
-4
Let x(u) = -u**3 - 6*u**2 - 7*u - 1. Suppose 90*d - 34*d = -506 + 394. Give x(d).
-3
Let g(d) = d**2 + 9*d - 4. Let v be g(-7). Let b be 48/v*6/(-4). Let o(u) = 3 + 3*u**2 - 10*u - 2*u - 2*u**2 + 6*u. What is o(b)?
-5
Let m = 18 + -16. Suppose -15 = -5*y - 3*z - 4, -7 = 3*y - 5*z. Let a(j) = y - 2 + 3393*j**2 - 3394*j**2 + m*j. Give a(2).
-1
Let j(c) = 2*c**2 - 19*c + 17. Let x(o) = 125*o + 2508. Let y be x(-20). Give j(y).
-7
Let u(j) = -9*j + 32. Let r(b) = -17*b + 56. Let k(t) = -4*r(t) + 7*u(t). Determine k(-3).
-15
Let n(q) = q**3 - 6*q**2 - 8*q - 4. Let u = 46 - 46. Let l be 5/(40/48) - (u - 1). Give n(l).
-11
Let q(t) be the first derivative of -1/12*t**4 - 4/3*t**3 - 9*t + 3*t**2 - 16. Let m(x) be the first derivative of q(x). Give m(-8).
6
Suppose -4*q + 102 = -3*v, -v - 3 = 3. Let f(w) = w - 28. Calculate f(q).
-7
Let w(b) = -20*b + 5. Let q(l) = 7*l - 2. Let m(t) = 11*q(t) + 4*w(t). Let j = 124 - 325. Let d = -204 - j. Determine m(d).
7
Let u = 17 + 140. Suppose u*i = 163*i - 24. Let h(q) = -3*q - 10. Let x(r) = r + 1. Let p(t) = h(t) + 4*x(t). Give p(i).
-2
Let i be (-162)/90 + 4/5. Let u(n) be the third derivative of 0 + 8*n**2 + 1/6*n**3 - 1/8*n**4 + 0*n. Determine u(i).
4
Let n(l) = 0 - 6 + 8 - 2*l. Let w = 46 + -44. Suppose w*y + 11 = 5*c, -22 + 3 = -2*y - 5*c. Determine n(y).
-2
Let q(x) be the third derivative of -x**6/120 - 9*x**5/10 - x**4/6 - 209*x**3/6 + 12051*x**2. Calculate q(-54).
7
Let v = 2 - -1. Suppose 714 - 749 = -7*n. Let k(y) = 3*y + v - 5 + n + 3. What is k(-4)?
-6
Let i = -4991 + 5003. Suppose 3*p - 2*s - 26 = 0, 4*p - 2*s - 15 = 19. Suppose -2*a - 4 = 4*t + p, 2*a - i = 4*t. Let x(w) = -w - 2. Give x(a).
-2
Suppose 195*s - 246*s = 510. Let i(w) = w**2 + 13*w + 24. Give i(s).
-6
Let z(x) = 0 - x**2 + 1 + 3 - 6 - 12*x. Let g(l) = -21*l - 96. Let p be g(-4). Calculate z(p).
-2
Let r(z) = 231*z + 1. Let p be r(0). Let u(s) = -s**2 - 2. Determine u(p).
-3
Let n be (1/36)/(444/999 + 14/(-45)). Let y(x) be the third derivative of -1/3*x**3 + 5*x**2 + n*x**4 + 0 + 1/120*x**6 + 1/12*x**5 + 0*x. What is y(-4)?
-6
Let f(p) = -4*p + 89. Suppose 46 - 823 = -37*r. Give f(r).
5
Let j(k) = k**3 + 23*k**2 + 43*k + 12. Let c be 6 + (4158/7)/(-22). Determine j(c).
-9
Let w(q) be the first derivative of -q**3/3 + 15*q**2/2 + 108*q + 29. Let r be w(20). Let a(p) = p**3 - 7*p**2 - 10*p + 1. Calculate a(r).
-15
Suppose v - 4*v = 3*q, -3*q = 4*v + 2. Let o(p) = -p**2 - 7*p + 8. Let n(d) = -d + 1. Let g(c) = 6*n(c) - o(c). What is g(q)?
4
Let b = 10358 + -10369. Let r(g) = g + 12. What is r(b)?
1
Let a(x) = 18*x**2 - x + 10. Let q be a(-3). Let l = q + -175. Let n(s) = s**2 - s - 15. Give n(l).
-15
Let j(y) = y**2 + y**3 + 4*y - 4*y**2 - 5 - 5*y**2. Let s = -239 + 414. Let m = s - 168. Determine j(m).
-26
Let o(h) = 5*h - 22*h + 6*h + 7*h - 23 + 0*h. Give o(-5).
-3
Let t(n) = 5*n - 7. Let y(r) = r - 1. Let u(o) = -t(o) + 3*y(o). Let d = -17456 + 17459. Calculate u(d).
-2
Suppose 11*r = -3*x - 32 - 102, x = -3*r - 44. Let g(z) = 2*z**2 + 82*z - 9. Calculate g(x).
-9
Let z be (-1)/((-2)/12*3) - 2. Let a(q) = -11 + 20*q**2 - 7 + 3 - 19*q**2 + 0*q**2. Give a(z).
-15
Let a(m) = 18*m + 1. Let x(n) = 71*n - 638. Let p be x(9). What is a(p)?
19
Let w(a) be the third derivative of -a**7/840 + a**6/60 + a**5/120 - 5*a**4/24 - 175*a**3/6 + 126*a**2. Let j(v) be the first derivative of w(v). What is j(4)?
31
Suppose 5*r + o + 153 = 0, -220*o - 96 = 3*r - 218*o. Let k(v) = -v**2 - 21*v + 264. Calculate k(r).
-6
Let g(n) = -2*n**2 + 10*n - 14. Let w = 5996 + -5989. What is g(w)?
-42
Let y(j) = -3*j - 2. Suppose -2829 = -5*z + 156. Let c = z + -597. Calculate y(c).
-2
Let h(b) be the third derivative of 11*b**4/24 - 4*b**3/3 - 33*b**2. Let x(m) = -5*m + 4. Let f be (-2)/5 + 344/(-40). Let g(z) = f*x(z) - 4*h(z). What is g(2)?
-2
Let g(q) = 74*q - 105. Let t(l) = -43*l + 53. Let u(j) = 4*g(j) + 7*t(j). What is u(-11)?
6
Let d(u) = 74*u - 2 - 33*u - 20*u - 3*u**2 + 3*u**2 + u**2 - 27*u. Suppose 21 - 79 = -4*g - 3*f, 4 = -2*f. Let a = -10 + g. Determine d(a).
-2
Suppose -323 - 31 = -59*h. Let p(g) be the first derivative of g**3/3 - 3*g**2 + 6*g + 4. What is p(h)?
6
Let x(t) = -27*t**2 + 4*t - 62. Let a(l) = -60*l**2 + 9*l - 122. Let h(w) = 4*a(w) - 9*x(w). What is h(0)?
70
Let o(a) = a**2 + a + 21. Let p(u) = -6*u**2 + 36*u - 100. Let q(h) = 5*o(h) + p(h). What is q(41)?
5
Let r(x) = x**2 - 14*x + 66. Let z(h) = 14*h**2 - 658*h - 658. Let j be z(-1). Determine r(j).
66
Let l(g) be the second derivative of 4*g**3/3 - 3*g**2/2 + 186*g. Let q be 4 + (-14)/2 + 5. Calculate l(q).
13
Let a(q) be the first derivative of -q**3/3 - 23*q**2/2 + 16*q + 1486. What is a(-24)?
-8
Let u(f) be the first derivative of -4*f**2 + 129*f - 3198. Give u(16).
1
Let m(q) = 18*q + 18. Let x(u) = 38*u + 34. Let z(s) = -5*m(s) + 2*x(s). Calculate z(-3).
20
Let p = 2155 + -2161. Suppose -5*a = -5*k + 35, 0*k + a = 5*k - 15. Let h(g) = 3 - 5*g - g**3 - 7*g**2 - k*g - 5. Determine h(p).
4
Let w(u) = 479*u**2 - 96 + 702*u**2 - 1180*u**2 + 3*u. Determine w(0).
-96
Let i(s) = -s**3 + 7*s**2 - 6*s + 1. Let x(v) = -15*v - 112. Let u be x(-7). Let m(n) = n**3 + 7*n**2 - 2*n - 8. Let w be m(u). What is i(w)?
1
Let y(w) be the second derivative of -2/3*w**4 + 5*w + 7/2*w**2 + 5/6*w**3 + 2 + 1/20*w**5. Suppose 3*t = -t + 28. Give y(t).
-7
Let w(v) = -v**3 - 6*v**2 - 6*v + 5. Let l(j) = -55*j + 492. Let c be l(9). What is w(c)?
-4
Let v(f) be the third derivative of -1/24*f**4 - 1/2*f**3 + 0*f - 32*f**2 + 0. Give v(0).
-3
Let m be 1*(-7 + 1) - (-34 - -29). Let b(w) be the second derivative of -w**4 - w**2/2 - 9*w. What is b(m)?
-13
Let f be (-2)/(-5) + 4950/125. Let l be f/((-24)/(-3)) + -10. Let b(d) = 2*d + 6. Give b(l).
-4
Let c = 36 - 28. Let v(z) = -13*z**2 - 17*z**2 + 44*z**2 - 13*z**2 - c*z + 2. Calculate v(6).
-10
Let l(r) = 4*r**3 - 18*r**2 - 2*r + 9. Let u be l(-5). Let z = u + 920. Let w(q) = q**2 + 11*q - 13. Calculate w(z).
-13
Let w be 2/8 + (-14)/(-8). Let i(p) = -551 + 553 + p + 3*p**w + p**2 - p**2. What is i(2)?
16
Let l(o) = -8*o. Let s(c) be the third derivative of -7/24*c**4 + 1/3*c**3 + 0 + 0*c + 37*c**2. Let q(p) = 4*l(p) - 5*s(p). What is q(7)?
11
Let c = -85 + 70. Let x = 11 + c. Let o(y) be the first derivative of -y**2/2 + 3*y + 2. Determine o(x).
7
Let w(h) be the second derivative of -11/6*h**3 + 0 + 3/2*h**2 - 1/20*h**5 + 6*h + 7/12*h**4. Calculate w(5).
-2
Let l(h) = 3*h**2 - 3*h - 4. Suppose 3 = -o - 2*t + 2, 3*t = -9. Suppose s - o*i - 19 + 41 = 0, 4*s + 3*i - 4 = 0. Give l(s).
14
Let b(p) = -p - 19. Let h = 4 + 6. Let d be b(h). Let t = 35 + d. Let j(y) = y**3 - 5*y**2 - 4*y + 1. Give j(t).
13
Let n(r) = -33*r + 44. Let l(o) = -2*o + 7. Let k(u) = -6*l(u) + n(u). What is k(-1)?
23
Suppose -5*q = 3*b - 187, 0*q = 3*q + b - 109. Suppose 3*f - 2*f + z - 29 = 0, -f + 5*z + q = 0. Let r(u) = 23*u - f*u + 1 + 14*u. Determine r(-1).
-